r) = -3*r**3 - 1028*r**2 + 351*r + 2741. What is q(-343)?
-3
Let n(q) = 33*q**2 + 106*q - 4025. Calculate n(-12).
-545
Let u(x) = 3*x**2 - 5376*x - 130756. Give u(-24).
-4
Let k(u) = 37*u**3 - 1769*u**2 - 327*u + 65. Give k(48).
497
Let g(o) = -91*o**3 + 269*o**2 - 9*o + 30. Give g(3).
-33
Let z(p) = -423*p**2 + 76*p - 62. Give z(1).
-409
Let j(s) = 24*s**2 - 472*s + 2913. Determine j(7).
785
Let a(u) = -u**3 - 32*u**2 + 2117*u + 48. What is a(33)?
-876
Let b(o) = -2*o**3 + 65*o**2 + 373*o + 5462. What is b(39)?
236
Let p(o) = 3*o**3 - 23*o**2 + 53*o - 20. What is p(4)?
16
Let c(g) = -g**3 + 386*g**2 - 93*g - 112395. Give c(385).
25
Let w(t) = 103*t - 5320. Give w(38).
-1406
Let p(f) = -f**2 - 5972*f + 168057. Calculate p(28).
57
Let a(o) = 14409*o - 388819. What is a(27)?
224
Let y(z) = -28*z**2 + 1443*z + 664. Give y(52).
-12
Let a(d) = -6203*d + 68324. What is a(11)?
91
Let q(c) = -c**3 + 6*c**2 - 301*c + 1536. Calculate q(5).
56
Let l(p) = -1907*p**2 + 1535136*p - 810. What is l(805)?
-5
Let i(r) = 26*r**2 - 2931*r + 42303. Calculate i(17).
-10
Let w(y) = -83*y**2 + 764*y + 2. Give w(9).
155
Let t(y) = -274*y - 3822. Determine t(-11).
-808
Let k(n) = 52*n**2 + 496*n + 979. Determine k(-7).
55
Let j(g) = -1499440*g + 11995524. Determine j(8).
4
Let x(t) = -197*t**2 + 2342*t + 10. Determine x(12).
-254
Let o(f) = 52*f**3 - 105*f**2 + 26*f - 42. What is o(2)?
6
Let s(j) = 318*j - 11126. What is s(35)?
4
Let i(q) = q**3 - 13*q**2 - 1937*q + 47564. What is i(-48)?
-4
Let m(c) = -31*c**2 + 2805*c - 2810. What is m(1)?
-36
Let b(a) = -4*a**2 - 1454*a - 38181. Calculate b(-335).
9
Let c(v) = -2257*v + 4626. Determine c(2).
112
Let f(n) = -n**3 - 45*n**2 + 200*n - 1. Give f(-49).
-197
Let l(d) = -165225*d + 5782868. Determine l(35).
-7
Let w(n) = n**3 - 5*n**2 - 1614*n + 8066. Give w(5).
-4
Let h(j) = j**3 + 46*j**2 - 415*j + 462. Calculate h(-54).
-456
Let d(n) = -2*n**3 + 26*n**2 + 9*n - 1796. What is d(8)?
-1084
Let n(x) = -x**2 + 117*x - 1595. Calculate n(100).
105
Let j(n) = -n**3 - 36*n**2 + 210*n + 4697. Determine j(-38).
-395
Let z(b) = -b**3 - 103*b**2 - 59*b - 4832. Calculate z(-103).
1245
Let k(g) = -1409*g + 78390. Determine k(56).
-514
Let a(j) = 372278*j - 1116840. Calculate a(3).
-6
Let m(c) = 340*c**2 + 1597*c - 1601. What is m(1)?
336
Let o(u) = -u**3 - 4*u**2 - 297*u - 15. Determine o(0).
-15
Let j(r) = 50560*r - 910145. Determine j(18).
-65
Let i(a) = -9*a**3 + 10*a**2 + 59*a - 60. Determine i(3).
-36
Let u(a) = 31*a**2 - 223*a - 155. What is u(8)?
45
Let a(m) = 215*m**2 - 18059*m - 116. What is a(84)?
-32
Let r(x) = 6*x**3 - 117*x**2 + 178*x - 2396. Determine r(19).
-97
Let u(n) = 6698*n + 6279. Give u(-1).
-419
Let g(d) = 2*d**3 - 727*d**2 - 363*d - 440. What is g(364)?
-76
Let m(p) = -2605*p - 932562. Calculate m(-358).
28
Let q(w) = -2*w**2 + 238*w + 151393. Determine q(341).
-11
Let u(p) = p**3 - 3*p**2 + 65*p - 265. Calculate u(4).
11
Let l(h) = h**3 + 99*h**2 + 98*h - 403. Give l(-98).
-403
Let h(w) = -103*w**2 - 72*w + 40. Give h(-1).
9
Let b(v) = -2*v**3 - 6*v**2 + 1408*v + 8188. Calculate b(-6).
-44
Let m(q) = -18817*q + 169339. Give m(9).
-14
Let j(x) = -11*x**2 - 1279*x - 346. Calculate j(-116).
2
Let r(s) = -s**3 - 146*s**2 - 2837*s - 13518. Calculate r(-124).
-2
Let s(i) = -47*i**2 - 10347*i + 10346. What is s(1)?
-48
Let i(o) = -155*o**3 - 268*o**2 + 154*o + 132. What is i(-2)?
-8
Let z(g) = 9517*g - 38135. Calculate z(4).
-67
Let s(r) = -r**2 - 494*r + 9602. Determine s(19).
-145
Let t(j) = 12*j**3 - 120*j**2 + 57*j - 369. Give t(8).
-1449
Let x(h) = -48*h**2 + 864*h - 871. What is x(17)?
-55
Let k(x) = -473*x - 2830. What is k(-11)?
2373
Let c(j) = 27*j - 3249. What is c(121)?
18
Let v(t) = 3*t**3 + 58*t**2 - 89*t - 32. Calculate v(-19).
2020
Let x(u) = 2*u**2 + 1018*u + 40092. Determine x(-466).
16
Let n(l) = 373*l - 42. Calculate n(1).
331
Let q(o) = 21*o**3 - 6*o**2 + 51*o + 160. What is q(-5)?
-2870
Let c(f) = -3*f**2 - 2907*f + 2895. Give c(1).
-15
Let t(h) = 57*h**3 + 1088*h**2 + 95*h - 61. What is t(-19)?
-61
Let o(w) = -w**2 - 1385*w - 438135. What is o(-489)?
9
Let f(z) = -57552*z + 4834361. Calculate f(84).
-7
Let q(l) = -1319051*l + 3957150. Calculate q(3).
-3
Let c(q) = -39*q**2 + 887*q + 911. Calculate c(-1).
-15
Let n(g) = 7*g**2 - 60*g - 2208. Calculate n(-14).
4
Let d(s) = -190*s - 1901. Calculate d(-11).
189
Let a(m) = -3759*m + 499970. What is a(133)?
23
Let h(a) = -483*a - 50915. Calculate h(-120).
7045
Let q(a) = a**3 + 613*a**2 - 3073*a + 10485. Calculate q(-618).
-21
Let s(c) = -798*c + 8849. Calculate s(11).
71
Let u(b) = -b**3 - 514*b**2 - 14606*b - 41617. What is u(-484)?
7
Let f(w) = 23*w**2 - 284*w - 1345. Give f(16).
-1
Let j(r) = -r**2 - 14232*r + 613801. Give j(43).
-24
Let x(c) = -19121*c + 112. What is x(0)?
112
Let i(c) = -4*c**2 + 277*c - 4669. Calculate i(19).
-850
Let d(k) = 2754*k - 49916. Calculate d(18).
-344
Let j(z) = -296*z + 48534. Calculate j(165).
-306
Let w(v) = -8*v**2 - 28*v + 146. What is w(6)?
-310
Let r(s) = 680*s + 197275. Give r(-290).
75
Let f(u) = 210*u**2 + 1455*u + 5. Determine f(-7).
110
Let g(s) = -s**3 + 15*s**2 + 202*s - 28. Calculate g(24).
-364
Let w(h) = 57*h - 297. Calculate w(6).
45
Let b(h) = 9420*h + 28072. Give b(-3).
-188
Let o(b) = -b**3 - 149*b**2 + 3338*b + 533899. What is o(-147)?
-5
Let p(n) = 902*n + 13475. Determine p(-16).
-957
Let n(d) = 9*d**3 + 107*d**2 + 49*d + 45. Determine n(-11).
474
Let o(l) = 9*l**3 - 313*l**2 - l + 1231. Calculate o(35).
3646
Let j(o) = -40594*o + 811944. Calculate j(20).
64
Let b(h) = 140*h - 3210. Give b(17).
-830
Let o(b) = -2*b**2 + 565*b - 34334. Determine o(194).
4
Let b(k) = -107*k**3 + 425*k**2 - 75*k + 346. Give b(4).
-2
Let k(g) = 65182*g + 65148. What is k(-1)?
-34
Let y(v) = -3916*v**3 + 39167*v**2 - 73*v + 36. Give y(10).
6
Let f(r) = r**2 + 377*r + 4712. Calculate f(-13).
-20
Let y(a) = -a**3 + 3*a**2 - 13111*a - 26241. Calculate y(-2).
1
Let i(t) = -95*t**2 - 768*t - 35. Calculate i(-8).
29
Let m(u) = -6*u**2 - 267*u - 2955. Calculate m(-24).
-3
Let b(m) = -34*m**2 - 2547*m - 4528. What is b(-73)?
217
Let d(o) = -o**3 + 112*o**2 - 3119*o + 17. What is d(52)?
69
Let t(h) = 191*h**2 + 15957*h + 8644. Determine t(-83).
12
Let r(w) = 1029*w - 15492. Determine r(15).
-57
Let h(w) = -18800*w - 169210. Calculate h(-9).
-10
Let f(o) = o**2 + 771*o - 22352. Determine f(28).
20
Let k(m) = -24698*m - 518671. What is k(-21)?
-13
Let f(j) = j**2 - 158009*j + 11845050. What is f(75)?
0
Let b(f) = -f**2 + 4802*f - 176276. Calculate b(37).
29
Let d(v) = v**3 - 74*v**2 + 479*v - 54668. Determine d(77).
2
Let x(z) = -z**3 - 345*z**2 + 3543*z - 2499. Determine x(-355).
-14
Let h(f) = -1969*f - 99562. Calculate h(-51).
857
Let a(g) = 63*g**2 + 579*g - 37. What is a(-10)?
473
Let b(a) = 9*a - 363. Calculate b(87).
420
Let z(o) = o**3 + 101*o**2 + 1616*o - 356. Determine z(-81).
-32
Let q(d) = 26701*d - 19411636. Give q(727).
-9
Let p(u) = -u**2 + 676*u + 4103. Determine p(-6).
11
Let z(m) = -1072029*m - 5360149. Determine z(-5).
-4
Let n(s) = -402*s - 179700. What is n(-447)?
-6
Let x(s) = 558*s**3 + 8*s**2 + 5923*s - 5932. Calculate x(1).
557
Let k(h) = -267*h + 52593. Calculate k(219).
-5880
Let n(x) = 268*x**2 + 43*x + 64. Determine n(-2).
1050
Let h(f) = 233*f**3 + 55*f**2 + 95*f - 33. Give h(-2).
-1867
Let l(p) = 3*p**2 + 38*p - 470. Give l(0).
-470
Let s(z) = -4*z**2 - 242*z - 493. What is s(-2)?
-25
Let j(q) = -12051*q + 4157602. Determine j(345).
7
Let c(w) = 5*w**3 - 77*w**2 - 28*w + 17. Give c(16).
337
Let r(y) = -y**2 - 457*y - 2729. What is r(-6)?
-23
Let m(c) = 1838*c - 218737. Determine m(119).
-15
Let n(c) = c**2 - 446*c + 37960. Determine n(321).
-2165
Let w(j) = 4*j**3 + 97*j**2 + 273*j + 5942. Give w(-24).
-34
Let o(z) = 121180*z - 1575337. Calculate o(13).
3
Let q(t) = t**2 + 13657*t + 666869. Calculate q(-49).
77
Let s(m) = 123*m + 5749. Determine s(-48).
-155
Let v(d) = 12*d**2 - 217*d - 534. Determine v(20).
-74
Let r(k) = -2*k**2 + 59*k + 570. Calculate r(15).
1005
Let i(x) = 3*x**2 - 2159*x - 7207. Calculate i(723).
23
Let z(x) = 8*x**2 + 330*x - 1406. Calculate z(4).
42
Let j(m) = 10*m**3 + 119*m**2 - 116*m - 2. Give j(1).
11
Let f(r) = -r**3 - 108*r**2 - 2930*r - 641. Determine f(-58).